alculate the remainder when 30 is divided by 1.
0
What is the remainder when 78 is divided by 42?
36
What is the remainder when 2768 is divided by 77?
73
What is the remainder when 714 is divided by 11?
10
Calculate the remainder when 97 is divided by 22.
9
What is the remainder when 620 is divided by 9?
8
What is the remainder when 1554 is divided by 15?
9
What is the remainder when 467 is divided by 36?
35
What is the remainder when 479 is divided by 11?
6
Calculate the remainder when 620 is divided by 151.
16
What is the remainder when 423 is divided by 113?
84
What is the remainder when 752 is divided by 82?
14
Calculate the remainder when 855 is divided by 116.
43
What is the remainder when 247 is divided by 14?
9
What is the remainder when 636 is divided by 161?
153
What is the remainder when 4473 is divided by 406?
7
What is the remainder when 1146 is divided by 41?
39
What is the remainder when 135 is divided by 34?
33
What is the remainder when 3208 is divided by 1604?
0
Calculate the remainder when 4731 is divided by 26.
25
What is the remainder when 308 is divided by 60?
8
What is the remainder when 35 is divided by 18?
17
Calculate the remainder when 126 is divided by 26.
22
What is the remainder when 87 is divided by 52?
35
What is the remainder when 277 is divided by 14?
11
What is the remainder when 195 is divided by 65?
0
What is the remainder when 1224 is divided by 2?
0
What is the remainder when 313 is divided by 98?
19
Calculate the remainder when 56 is divided by 29.
27
What is the remainder when 81 is divided by 19?
5
What is the remainder when 489 is divided by 25?
14
What is the remainder when 117 is divided by 18?
9
What is the remainder when 702 is divided by 391?
311
Calculate the remainder when 154 is divided by 78.
76
Calculate the remainder when 134 is divided by 28.
22
What is the remainder when 146 is divided by 49?
48
Calculate the remainder when 171 is divided by 15.
6
Calculate the remainder when 1754 is divided by 17.
3
Calculate the remainder when 502 is divided by 21.
19
Calculate the remainder when 1052 is divided by 132.
128
Calculate the remainder when 448 is divided by 50.
48
Calculate the remainder when 514 is divided by 90.
64
What is the remainder when 105 is divided by 66?
39
Calculate the remainder when 215 is divided by 56.
47
Calculate the remainder when 668 is divided by 24.
20
What is the remainder when 3707 is divided by 52?
15
Calculate the remainder when 4313 is divided by 8.
1
Calculate the remainder when 929 is divided by 56.
33
Calculate the remainder when 1871 is divided by 94.
85
What is the remainder when 760 is divided by 94?
8
Calculate the remainder when 263 is divided by 54.
47
What is the remainder when 366 is divided by 9?
6
What is the remainder when 355 is divided by 12?
7
Calculate the remainder when 7721 is divided by 27.
26
Calculate the remainder when 48 is divided by 43.
5
What is the remainder when 2094 is divided by 189?
15
Calculate the remainder when 422 is divided by 51.
14
What is the remainder when 123 is divided by 13?
6
Calculate the remainder when 538 is divided by 11.
10
What is the remainder when 131 is divided by 19?
17
Calculate the remainder when 756 is divided by 268.
220
What is the remainder when 25 is divided by 6?
1
What is the remainder when 336 is divided by 41?
8
What is the remainder when 22119 is divided by 553?
552
Calculate the remainder when 750 is divided by 237.
39
Calculate the remainder when 455 is divided by 11.
4
What is the remainder when 35397 is divided by 177?
174
What is the remainder when 329 is divided by 64?
9
Calculate the remainder when 1122 is divided by 29.
20
Calculate the remainder when 519 is divided by 104.
103
Calculate the remainder when 65 is divided by 33.
32
Calculate the remainder when 409 is divided by 120.
49
Calculate the remainder when 1542 is divided by 259.
247
Calculate the remainder when 133 is divided by 35.
28
What is the remainder when 766 is divided by 10?
6
Calculate the remainder when 205 is divided by 71.
63
Calculate the remainder when 282 is divided by 263.
19
What is the remainder when 78 is divided by 16?
14
Calculate the remainder when 144 is divided by 66.
12
What is the remainder when 126 is divided by 16?
14
Calculate the remainder when 341 is divided by 63.
26
What is the remainder when 37 is divided by 8?
5
Calculate the remainder when 1394 is divided by 127.
124
What is the remainder when 171 is divided by 14?
3
Calculate the remainder when 123 is divided by 35.
18
What is the remainder when 363 is divided by 61?
58
What is the remainder when 758 is divided by 45?
38
Calculate the remainder when 52 is divided by 13.
0
What is the remainder when 157 is divided by 80?
77
Calculate the remainder when 864 is divided by 225.
189
Calculate the remainder when 530 is divided by 170.
20
What is the remainder when 458 is divided by 121?
95
Calculate the remainder when 1746 is divided by 50.
46
What is the remainder when 334 is divided by 234?
100
Calculate the remainder when 1454 is divided by 259.
159
What is the remainder when 298 is divided by 60?
58
Calculate the remainder when 675 is divided by 52.
51
Calculate the remainder when 191 is divided by 96.
95
What is the remainder when 3366 is divided by 1119?
9
What is the remainder when 763 is divided by 13?
9
Calculate the remainder when 108 is divided by 56.
52
Calculate the remainder when 695 is divided by 117.
110
Calculate the remainder when 41 is divided by 15.
11
What is the remainder when 26 is divided by 7?
5
Calculate the remainder when 1249 is divided by 334.
247
What is the remainder when 212 is divided by 114?
98
Calculate the remainder when 1409 is divided by 31.
14
Calculate the remainder when 1168 is divided by 26.
24
What is the remainder when 245 is divided by 114?
17
Calculate the remainder when 133 is divided by 9.
7
Calculate the remainder when 35 is divided by 15.
5
Calculate the remainder when 25 is divided by 9.
7
What is the remainder when 349 is divided by 6?
1
Calculate the remainder when 26733 is divided by 16.
13
Calculate the remainder when 82 is divided by 65.
17
What is the remainder when 522 is divided by 105?
102
What is the remainder when 1070 is divided by 16?
14
Calculate the remainder when 174 is divided by 42.
6
Calculate the remainder when 80156 is divided by 26.
24
What is the remainder when 270 is divided by 54?
0
Calculate the remainder when 1713 is divided by 249.
219
What is the remainder when 396 is divided by 11?
0
What is the remainder when 5494 is divided by 141?
136
Calculate the remainder when 121 is divided by 3.
1
What is the remainder when 201 is divided by 98?
5
What is the remainder when 5470 is divided by 57?
55
What is the remainder when 702 is divided by 47?
44
Calculate the remainder when 1085 is divided by 218.
213
What is the remainder when 76 is divided by 75?
1
What is the remainder when 825 is divided by 69?
66
What is the remainder when 272 is divided by 46?
42
Calculate the remainder when 1176 is divided by 580.
16
Calculate the remainder when 1575 is divided by 392.
7
What is the remainder when 419 is divided by 23?
5
What is the remainder when 30314 is divided by 44?
42
What is the remainder when 6760 is divided by 98?
96
Calculate the remainder when 7970 is divided by 1990.
10
Calculate the remainder when 482 is divided by 161.
160
Calculate the remainder when 7291 is divided by 17.
15
Calculate the remainder when 2148 is divided by 86.
84
What is the remainder when 1 is divided by 1?
0
Calculate the remainder when 87 is divided by 38.
11
What is the remainder when 6298 is divided by 90?
88
What is the remainder when 522 is divided by 35?
32
Calculate the remainder when 831 is divided by 268.
27
What is the remainder when 342 is divided by 184?
158
Calculate the remainder when 77 is divided by 14.
7
What is the remainder when 980 is divided by 11?
1
Calculate the remainder when 3355 is divided by 168.
163
Calculate the remainder when 219 is divided by 3.
0
What is the remainder when 95 is divided by 28?
11
What is the remainder when 40 is divided by 11?
7
What is the remainder when 585 is divided by 28?
25
What is the remainder when 11 is divided by 1?
0
What is the remainder